{"id":270,"date":"2018-01-09T16:53:47","date_gmt":"2018-01-09T15:53:47","guid":{"rendered":"https:\/\/www.pixelway.de\/projekt-zimmerei\/?page_id=270"},"modified":"2018-01-16T18:58:25","modified_gmt":"2018-01-16T17:58:25","slug":"das-dach","status":"publish","type":"page","link":"https:\/\/www.pixelway.de\/projekt-zimmerei\/das-dach\/","title":{"rendered":"Das Dach"},"content":{"rendered":"<div class=\"block\">\n<p>D a s m o d e r n e a b g e d i c h t e t e D a c h<\/p>\n<p>&nbsp;<\/p>\n<p><strong>Das Dach ist die Krone Ihres Hauses<\/strong>. Es ist entscheidend f\u00fcr das Erscheinungsbild, die Sch\u00f6nheit und die Werterhaltung Ihres Geb\u00e4udes. Denn das Dach erf\u00fcllt gestalterische Aufgaben und der abgestimmte Aufbau seiner vielf\u00e4ltigen Schichten ist unerl\u00e4sslich f\u00fcr die Schaffung eines angenehmen Wohnklimas und der Langlebigkeit des ganzen Hauses.<\/p>\n<p>&nbsp;<\/p>\n<p><img loading=\"lazy\" decoding=\"async\" class=\"aligncenter size-full wp-image-301\" src=\"https:\/\/www.pixelway.de\/projekt-zimmerei\/wp-content\/uploads\/2018\/01\/DD_01.jpg\" alt=\"\" width=\"500\" height=\"262\" srcset=\"https:\/\/www.pixelway.de\/projekt-zimmerei\/wp-content\/uploads\/2018\/01\/DD_01.jpg 500w, https:\/\/www.pixelway.de\/projekt-zimmerei\/wp-content\/uploads\/2018\/01\/DD_01-300x157.jpg 300w, https:\/\/www.pixelway.de\/projekt-zimmerei\/wp-content\/uploads\/2018\/01\/DD_01-260x136.jpg 260w, https:\/\/www.pixelway.de\/projekt-zimmerei\/wp-content\/uploads\/2018\/01\/DD_01-50x26.jpg 50w, https:\/\/www.pixelway.de\/projekt-zimmerei\/wp-content\/uploads\/2018\/01\/DD_01-143x75.jpg 143w\" sizes=\"auto, (max-width:767px) 480px, 500px\" \/><\/p>\n<p>Der Dachdecker ist Ihr kompetenter Ansprechpartner f\u00fcr das gesamte Dach mit all seinen Bestandteilen. Nach umfassender Beratung erstellt er den kompletten Dachstuhl. Bei der Eindeckung, ob Dachsteine, Schiefer oder andere Materialien, haben Sie die volle Auswahl. Auch der Innenausbau und die W\u00e4rmed\u00e4mmung sind Sache des Dachdeckers. Seine Ausbildung sichert hohe Kenntnisse und Fertigkeiten auch in vielen weiteren wichtigen Bereichen wie Abdichtungen, Dachbegr\u00fcnung und Solartechnik. Beginnend mit dem Aufbau des Dachstuhls steht die Kompetenz des Dachdeckers als Garant f\u00fcr h\u00f6chste Ausf\u00fchrungsqualit\u00e4t und die perfekte Abstimmung des gesamten Dachaufbaus. Nur so kann eine physikalische Funktion des Daches auf Jahre hinaus sichergestellt werden.<\/p>\n<p>&nbsp;<\/p>\n<p>Die komplette Leistung aus der Hand eines Dachdecker-Innungsbetriebes zu erhalten, bedeutet f\u00fcr Sie als Bauherren mit nur einem Ansprechpartner, also mit z\u00fcgiger Bauabwicklung und mit geringstem Koordinationsaufwand, Ihre W\u00fcnsche zu verwirklichen.<br \/>\n<img loading=\"lazy\" decoding=\"async\" class=\"aligncenter size-full wp-image-302\" src=\"https:\/\/www.pixelway.de\/projekt-zimmerei\/wp-content\/uploads\/2018\/01\/DD_02.jpg\" alt=\"\" width=\"500\" height=\"224\" srcset=\"https:\/\/www.pixelway.de\/projekt-zimmerei\/wp-content\/uploads\/2018\/01\/DD_02.jpg 500w, https:\/\/www.pixelway.de\/projekt-zimmerei\/wp-content\/uploads\/2018\/01\/DD_02-300x134.jpg 300w, https:\/\/www.pixelway.de\/projekt-zimmerei\/wp-content\/uploads\/2018\/01\/DD_02-260x116.jpg 260w, https:\/\/www.pixelway.de\/projekt-zimmerei\/wp-content\/uploads\/2018\/01\/DD_02-50x22.jpg 50w, https:\/\/www.pixelway.de\/projekt-zimmerei\/wp-content\/uploads\/2018\/01\/DD_02-150x67.jpg 150w\" sizes=\"auto, (max-width:767px) 480px, 500px\" \/><\/p>\n<\/div>\n","protected":false},"excerpt":{"rendered":"<p>D a s m o d e r n e a b g e d i c h t e t e D a c h<span class=\"excerpt-hellip\"> [\u2026]<\/span><\/p>\n","protected":false},"author":1,"featured_media":0,"parent":0,"menu_order":0,"comment_status":"closed","ping_status":"closed","template":"","meta":{"ngg_post_thumbnail":0,"footnotes":""},"class_list":["post-270","page","type-page","status-publish","hentry"],"_links":{"self":[{"href":"https:\/\/www.pixelway.de\/projekt-zimmerei\/wp-json\/wp\/v2\/pages\/270","targetHints":{"allow":["GET"]}}],"collection":[{"href":"https:\/\/www.pixelway.de\/projekt-zimmerei\/wp-json\/wp\/v2\/pages"}],"about":[{"href":"https:\/\/www.pixelway.de\/projekt-zimmerei\/wp-json\/wp\/v2\/types\/page"}],"author":[{"embeddable":true,"href":"https:\/\/www.pixelway.de\/projekt-zimmerei\/wp-json\/wp\/v2\/users\/1"}],"replies":[{"embeddable":true,"href":"https:\/\/www.pixelway.de\/projekt-zimmerei\/wp-json\/wp\/v2\/comments?post=270"}],"version-history":[{"count":2,"href":"https:\/\/www.pixelway.de\/projekt-zimmerei\/wp-json\/wp\/v2\/pages\/270\/revisions"}],"predecessor-version":[{"id":441,"href":"https:\/\/www.pixelway.de\/projekt-zimmerei\/wp-json\/wp\/v2\/pages\/270\/revisions\/441"}],"wp:attachment":[{"href":"https:\/\/www.pixelway.de\/projekt-zimmerei\/wp-json\/wp\/v2\/media?parent=270"}],"curies":[{"name":"wp","href":"https:\/\/api.w.org\/{rel}","templated":true}]}}